{"id":8382,"date":"2026-04-01T15:39:33","date_gmt":"2026-04-01T13:39:33","guid":{"rendered":"https:\/\/weberverpackungen.de\/jobs\/solicitud-espontanea\/"},"modified":"2026-07-16T15:01:00","modified_gmt":"2026-07-16T13:01:00","slug":"solicitud-espontanea","status":"publish","type":"jobs","link":"https:\/\/www.weberverpackungen.de\/es\/jobs\/solicitud-espontanea\/","title":{"rendered":"Solicitud espont\u00e1nea"},"content":{"rendered":"\n<p class=\"wp-block-paragraph\"><\/p>\n\n<div class=\"wp-block-group is-nowrap is-layout-flex wp-container-core-group-is-layout-8f761849 wp-block-group-is-layout-flex\">\n<figure class=\"wp-block-image size-large\"><img loading=\"lazy\" decoding=\"async\" width=\"1024\" height=\"512\" src=\"https:\/\/www.weberverpackungen.de\/wp-content\/uploads\/2026\/04\/Initiativbewerbung-1024x512.jpg\" alt=\"\" class=\"wp-image-2346\" style=\"aspect-ratio:4\/3;object-fit:cover\" srcset=\"https:\/\/www.weberverpackungen.de\/wp-content\/uploads\/2026\/04\/Initiativbewerbung-1024x512.jpg 1024w, https:\/\/www.weberverpackungen.de\/wp-content\/uploads\/2026\/04\/Initiativbewerbung-300x150.jpg 300w, https:\/\/www.weberverpackungen.de\/wp-content\/uploads\/2026\/04\/Initiativbewerbung-768x384.jpg 768w, https:\/\/www.weberverpackungen.de\/wp-content\/uploads\/2026\/04\/Initiativbewerbung.jpg 1104w\" sizes=\"auto, (max-width: 1024px) 100vw, 1024px\" \/><\/figure>\n\n\n\n<p class=\"has-medium-font-size wp-block-paragraph\">\u00bfNo hay nada que te interese entre las ofertas de empleo publicadas?<br\/>\u00a1Aun as\u00ed, nos gustar\u00eda conocerte!<\/p>\n<\/div>\n\n<p class=\"wp-block-paragraph\"><\/p>\n\n<div class=\"wp-block-buttons is-layout-flex wp-block-buttons-is-layout-flex\">\n<div class=\"wp-block-button has-custom-width wp-block-button__width-100\"><a class=\"wp-block-button__link wp-element-button\" href=\"https:\/\/www.weberverpackungen.de\/es\/carrera-profesional\/formulario-de-solicitud\/\">Env\u00eda tu solicitud ahora<\/a><\/div>\n<\/div>\n\n<p class=\"wp-block-paragraph\"><\/p>\n\n<p class=\"wp-block-paragraph\">Si quieres aportar tus puntos fuertes a nuestro equipo, solo tienes que enviarnos tu expediente de candidatura bien elaborado. \u00a1Esperamos recibir tu candidatura espont\u00e1nea! <\/p>\n\n<p class=\"wp-block-paragraph\">Encontrar\u00e1s m\u00e1s informaci\u00f3n sobre nuestra empresa en nuestra <strong><a href=\"https:\/\/www.weberverpackungen.de\/es\/empresas\/\" data-type=\"page\" data-id=\"21\">p\u00e1gina web<\/a><\/strong>.<\/p>\n\n<p class=\"wp-block-paragraph\">Puedes pedir informaci\u00f3n previa por tel\u00e9fono o por <a href=\"mailto:karriere@weberverpackungen.de\" target=\"_blank\" rel=\"noreferrer noopener\"><strong>correo electr\u00f3nico<\/strong><\/a>.<\/p>\n\n<p class=\"wp-block-paragraph\">Nos encantar\u00eda que nos enviaras tu documentaci\u00f3n a trav\u00e9s de la <strong><a href=\"https:\/\/www.weberverpackungen.de\/es\/carrera-profesional\/formulario-de-solicitud\/\" data-type=\"page\" data-id=\"4278\">funci\u00f3n de subida de archivos<\/a><em> <\/em><\/strong>de nuestro portal de empleo.<\/p>\n\n<p class=\"wp-block-paragraph\"><\/p>\n\n<div class=\"wp-block-buttons is-layout-flex wp-block-buttons-is-layout-flex\">\n<div class=\"wp-block-button has-custom-width wp-block-button__width-100\"><a class=\"wp-block-button__link wp-element-button\" href=\"https:\/\/www.weberverpackungen.de\/es\/carrera-profesional\/formulario-de-solicitud\/\">Env\u00eda tu solicitud ahora<\/a><\/div>\n<\/div>\n\n<p class=\"wp-block-paragraph\"><\/p>\n","protected":false},"featured_media":8383,"template":"","job_kategorie":[119,117,118],"class_list":["post-8382","jobs","type-jobs","status-publish","has-post-thumbnail","hentry","job_kategorie-empleos","job_kategorie-estudios","job_kategorie-practicas"],"acf":[],"yoast_head":"<!-- This site is optimized with the Yoast SEO plugin v28.3 - https:\/\/yoast.com\/product\/yoast-seo-wordpress\/ -->\n<title>Solicitud espont\u00e1nea - WEBER Verpackungen<\/title>\n<meta name=\"robots\" content=\"index, follow, max-snippet:-1, max-image-preview:large, max-video-preview:-1\" \/>\n<link rel=\"canonical\" href=\"https:\/\/www.weberverpackungen.de\/es\/jobs\/solicitud-espontanea\/\" \/>\n<meta property=\"og:locale\" content=\"es_ES\" \/>\n<meta property=\"og:type\" content=\"article\" \/>\n<meta property=\"og:title\" content=\"Solicitud espont\u00e1nea - WEBER Verpackungen\" \/>\n<meta property=\"og:description\" content=\"\u00bfNo hay nada que te interese entre las ofertas de empleo publicadas?\u00a1Aun as\u00ed, nos gustar\u00eda conocerte! Si quieres aportar tus puntos fuertes a nuestro equipo, solo tienes que enviarnos tu expediente de candidatura bien elaborado. \u00a1Esperamos recibir tu candidatura espont\u00e1nea! Encontrar\u00e1s m\u00e1s informaci\u00f3n sobre nuestra empresa en nuestra p\u00e1gina web. Puedes pedir informaci\u00f3n previa por [&hellip;]\" \/>\n<meta property=\"og:url\" content=\"https:\/\/www.weberverpackungen.de\/es\/jobs\/solicitud-espontanea\/\" \/>\n<meta property=\"og:site_name\" content=\"WEBER Verpackungen\" \/>\n<meta property=\"article:modified_time\" content=\"2026-07-16T13:01:00+00:00\" \/>\n<meta property=\"og:image\" content=\"https:\/\/www.weberverpackungen.de\/wp-content\/uploads\/2026\/04\/Initiativbewerbung.jpg\" \/>\n\t<meta property=\"og:image:width\" content=\"1104\" \/>\n\t<meta property=\"og:image:height\" content=\"552\" \/>\n\t<meta property=\"og:image:type\" content=\"image\/jpeg\" \/>\n<meta name=\"twitter:card\" content=\"summary_large_image\" \/>\n<meta name=\"twitter:label1\" content=\"Tiempo de lectura\" \/>\n\t<meta name=\"twitter:data1\" content=\"1 minuto\" \/>\n<script type=\"application\/ld+json\" class=\"yoast-schema-graph\">{\"@context\":\"https:\\\/\\\/schema.org\",\"@graph\":[{\"@type\":\"WebPage\",\"@id\":\"https:\\\/\\\/www.weberverpackungen.de\\\/es\\\/jobs\\\/solicitud-espontanea\\\/\",\"url\":\"https:\\\/\\\/www.weberverpackungen.de\\\/es\\\/jobs\\\/solicitud-espontanea\\\/\",\"name\":\"Solicitud espont\u00e1nea - WEBER Verpackungen\",\"isPartOf\":{\"@id\":\"https:\\\/\\\/www.weberverpackungen.de\\\/es\\\/#website\"},\"primaryImageOfPage\":{\"@id\":\"https:\\\/\\\/www.weberverpackungen.de\\\/es\\\/jobs\\\/solicitud-espontanea\\\/#primaryimage\"},\"image\":{\"@id\":\"https:\\\/\\\/www.weberverpackungen.de\\\/es\\\/jobs\\\/solicitud-espontanea\\\/#primaryimage\"},\"thumbnailUrl\":\"https:\\\/\\\/www.weberverpackungen.de\\\/wp-content\\\/uploads\\\/2026\\\/04\\\/Initiativbewerbung.jpg\",\"datePublished\":\"2026-04-01T13:39:33+00:00\",\"dateModified\":\"2026-07-16T13:01:00+00:00\",\"breadcrumb\":{\"@id\":\"https:\\\/\\\/www.weberverpackungen.de\\\/es\\\/jobs\\\/solicitud-espontanea\\\/#breadcrumb\"},\"inLanguage\":\"es\",\"potentialAction\":[{\"@type\":\"ReadAction\",\"target\":[\"https:\\\/\\\/www.weberverpackungen.de\\\/es\\\/jobs\\\/solicitud-espontanea\\\/\"]}]},{\"@type\":\"ImageObject\",\"inLanguage\":\"es\",\"@id\":\"https:\\\/\\\/www.weberverpackungen.de\\\/es\\\/jobs\\\/solicitud-espontanea\\\/#primaryimage\",\"url\":\"https:\\\/\\\/www.weberverpackungen.de\\\/wp-content\\\/uploads\\\/2026\\\/04\\\/Initiativbewerbung.jpg\",\"contentUrl\":\"https:\\\/\\\/www.weberverpackungen.de\\\/wp-content\\\/uploads\\\/2026\\\/04\\\/Initiativbewerbung.jpg\",\"width\":1104,\"height\":552},{\"@type\":\"BreadcrumbList\",\"@id\":\"https:\\\/\\\/www.weberverpackungen.de\\\/es\\\/jobs\\\/solicitud-espontanea\\\/#breadcrumb\",\"itemListElement\":[{\"@type\":\"ListItem\",\"position\":1,\"name\":\"Start\",\"item\":\"https:\\\/\\\/www.weberverpackungen.de\\\/es\\\/\"},{\"@type\":\"ListItem\",\"position\":2,\"name\":\"Jobs\",\"item\":\"https:\\\/\\\/www.weberverpackungen.de\\\/es\\\/jobs\\\/\"},{\"@type\":\"ListItem\",\"position\":3,\"name\":\"Solicitud espont\u00e1nea\"}]},{\"@type\":\"WebSite\",\"@id\":\"https:\\\/\\\/www.weberverpackungen.de\\\/es\\\/#website\",\"url\":\"https:\\\/\\\/www.weberverpackungen.de\\\/es\\\/\",\"name\":\"WEBER Verpackungen\",\"description\":\"paper-based packaging\",\"potentialAction\":[{\"@type\":\"SearchAction\",\"target\":{\"@type\":\"EntryPoint\",\"urlTemplate\":\"https:\\\/\\\/www.weberverpackungen.de\\\/es\\\/?s={search_term_string}\"},\"query-input\":{\"@type\":\"PropertyValueSpecification\",\"valueRequired\":true,\"valueName\":\"search_term_string\"}}],\"inLanguage\":\"es\"}]}<\/script>\n<!-- \/ Yoast SEO plugin. -->","yoast_head_json":{"title":"Solicitud espont\u00e1nea - WEBER Verpackungen","robots":{"index":"index","follow":"follow","max-snippet":"max-snippet:-1","max-image-preview":"max-image-preview:large","max-video-preview":"max-video-preview:-1"},"canonical":"https:\/\/www.weberverpackungen.de\/es\/jobs\/solicitud-espontanea\/","og_locale":"es_ES","og_type":"article","og_title":"Solicitud espont\u00e1nea - WEBER Verpackungen","og_description":"\u00bfNo hay nada que te interese entre las ofertas de empleo publicadas?\u00a1Aun as\u00ed, nos gustar\u00eda conocerte! Si quieres aportar tus puntos fuertes a nuestro equipo, solo tienes que enviarnos tu expediente de candidatura bien elaborado. \u00a1Esperamos recibir tu candidatura espont\u00e1nea! Encontrar\u00e1s m\u00e1s informaci\u00f3n sobre nuestra empresa en nuestra p\u00e1gina web. Puedes pedir informaci\u00f3n previa por [&hellip;]","og_url":"https:\/\/www.weberverpackungen.de\/es\/jobs\/solicitud-espontanea\/","og_site_name":"WEBER Verpackungen","article_modified_time":"2026-07-16T13:01:00+00:00","og_image":[{"width":1104,"height":552,"url":"https:\/\/www.weberverpackungen.de\/wp-content\/uploads\/2026\/04\/Initiativbewerbung.jpg","type":"image\/jpeg"}],"twitter_card":"summary_large_image","twitter_misc":{"Tiempo de lectura":"1 minuto"},"schema":{"@context":"https:\/\/schema.org","@graph":[{"@type":"WebPage","@id":"https:\/\/www.weberverpackungen.de\/es\/jobs\/solicitud-espontanea\/","url":"https:\/\/www.weberverpackungen.de\/es\/jobs\/solicitud-espontanea\/","name":"Solicitud espont\u00e1nea - WEBER Verpackungen","isPartOf":{"@id":"https:\/\/www.weberverpackungen.de\/es\/#website"},"primaryImageOfPage":{"@id":"https:\/\/www.weberverpackungen.de\/es\/jobs\/solicitud-espontanea\/#primaryimage"},"image":{"@id":"https:\/\/www.weberverpackungen.de\/es\/jobs\/solicitud-espontanea\/#primaryimage"},"thumbnailUrl":"https:\/\/www.weberverpackungen.de\/wp-content\/uploads\/2026\/04\/Initiativbewerbung.jpg","datePublished":"2026-04-01T13:39:33+00:00","dateModified":"2026-07-16T13:01:00+00:00","breadcrumb":{"@id":"https:\/\/www.weberverpackungen.de\/es\/jobs\/solicitud-espontanea\/#breadcrumb"},"inLanguage":"es","potentialAction":[{"@type":"ReadAction","target":["https:\/\/www.weberverpackungen.de\/es\/jobs\/solicitud-espontanea\/"]}]},{"@type":"ImageObject","inLanguage":"es","@id":"https:\/\/www.weberverpackungen.de\/es\/jobs\/solicitud-espontanea\/#primaryimage","url":"https:\/\/www.weberverpackungen.de\/wp-content\/uploads\/2026\/04\/Initiativbewerbung.jpg","contentUrl":"https:\/\/www.weberverpackungen.de\/wp-content\/uploads\/2026\/04\/Initiativbewerbung.jpg","width":1104,"height":552},{"@type":"BreadcrumbList","@id":"https:\/\/www.weberverpackungen.de\/es\/jobs\/solicitud-espontanea\/#breadcrumb","itemListElement":[{"@type":"ListItem","position":1,"name":"Start","item":"https:\/\/www.weberverpackungen.de\/es\/"},{"@type":"ListItem","position":2,"name":"Jobs","item":"https:\/\/www.weberverpackungen.de\/es\/jobs\/"},{"@type":"ListItem","position":3,"name":"Solicitud espont\u00e1nea"}]},{"@type":"WebSite","@id":"https:\/\/www.weberverpackungen.de\/es\/#website","url":"https:\/\/www.weberverpackungen.de\/es\/","name":"WEBER Verpackungen","description":"paper-based packaging","potentialAction":[{"@type":"SearchAction","target":{"@type":"EntryPoint","urlTemplate":"https:\/\/www.weberverpackungen.de\/es\/?s={search_term_string}"},"query-input":{"@type":"PropertyValueSpecification","valueRequired":true,"valueName":"search_term_string"}}],"inLanguage":"es"}]}},"_links":{"self":[{"href":"https:\/\/www.weberverpackungen.de\/es\/wp-json\/wp\/v2\/jobs\/8382","targetHints":{"allow":["GET"]}}],"collection":[{"href":"https:\/\/www.weberverpackungen.de\/es\/wp-json\/wp\/v2\/jobs"}],"about":[{"href":"https:\/\/www.weberverpackungen.de\/es\/wp-json\/wp\/v2\/types\/jobs"}],"wp:featuredmedia":[{"embeddable":true,"href":"https:\/\/www.weberverpackungen.de\/es\/wp-json\/wp\/v2\/media\/8383"}],"wp:attachment":[{"href":"https:\/\/www.weberverpackungen.de\/es\/wp-json\/wp\/v2\/media?parent=8382"}],"wp:term":[{"taxonomy":"job_kategorie","embeddable":true,"href":"https:\/\/www.weberverpackungen.de\/es\/wp-json\/wp\/v2\/job_kategorie?post=8382"}],"curies":[{"name":"wp","href":"https:\/\/api.w.org\/{rel}","templated":true}]}}

Solicitud espontánea

<p class="wp-block-paragraph"></p>

<div class="wp-block-group is-nowrap is-layout-flex wp-container-core-group-is-layout-8f761849 wp-block-group-is-layout-flex">
<figure class="wp-block-image size-large"><img loading="lazy" decoding="async" width="1024" height="512" src="https://www.weberverpackungen.de/wp-content/uploads/2026/04/Initiativbewerbung-1024x512.jpg" alt="" class="wp-image-2346" style="aspect-ratio:4/3;object-fit:cover" srcset="https://www.weberverpackungen.de/wp-content/uploads/2026/04/Initiativbewerbung-1024x512.jpg 1024w, https://www.weberverpackungen.de/wp-content/uploads/2026/04/Initiativbewerbung-300x150.jpg 300w, https://www.weberverpackungen.de/wp-content/uploads/2026/04/Initiativbewerbung-768x384.jpg 768w, https://www.weberverpackungen.de/wp-content/uploads/2026/04/Initiativbewerbung.jpg 1104w" sizes="auto, (max-width: 1024px) 100vw, 1024px" /></figure>



<p class="has-medium-font-size wp-block-paragraph">¿No hay nada que te interese entre las ofertas de empleo publicadas?<br/>¡Aun así, nos gustaría conocerte!</p>
</div>

<p class="wp-block-paragraph"></p>

<div class="wp-block-buttons is-layout-flex wp-block-buttons-is-layout-flex">
<div class="wp-block-button has-custom-width wp-block-button__width-100"><a class="wp-block-button__link wp-element-button" href="https://www.weberverpackungen.de/es/carrera-profesional/formulario-de-solicitud/">Envía tu solicitud ahora</a></div>
</div>

<p class="wp-block-paragraph"></p>

<p class="wp-block-paragraph">Si quieres aportar tus puntos fuertes a nuestro equipo, solo tienes que enviarnos tu expediente de candidatura bien elaborado. ¡Esperamos recibir tu candidatura espontánea! </p>

<p class="wp-block-paragraph">Encontrarás más información sobre nuestra empresa en nuestra <strong><a href="https://www.weberverpackungen.de/es/empresas/" data-type="page" data-id="21">página web</a></strong>.</p>

<p class="wp-block-paragraph">Puedes pedir información previa por teléfono o por <a href="mailto:karriere@weberverpackungen.de" target="_blank" rel="noreferrer noopener"><strong>correo electrónico</strong></a>.</p>

<p class="wp-block-paragraph">Nos encantaría que nos enviaras tu documentación a través de la <strong><a href="https://www.weberverpackungen.de/es/carrera-profesional/formulario-de-solicitud/" data-type="page" data-id="4278">función de subida de archivos</a><em> </em></strong>de nuestro portal de empleo.</p>

<p class="wp-block-paragraph"></p>

<div class="wp-block-buttons is-layout-flex wp-block-buttons-is-layout-flex">
<div class="wp-block-button has-custom-width wp-block-button__width-100"><a class="wp-block-button__link wp-element-button" href="https://www.weberverpackungen.de/es/carrera-profesional/formulario-de-solicitud/">Envía tu solicitud ahora</a></div>
</div>

<p class="wp-block-paragraph"></p>

<!-- This site is optimized with the Yoast SEO plugin v28.3 - https://yoast.com/product/yoast-seo-wordpress/ -->
<title>Solicitud espontánea - WEBER Verpackungen</title>
<meta name="robots" content="index, follow, max-snippet:-1, max-image-preview:large, max-video-preview:-1" />
<link rel="canonical" href="https://www.weberverpackungen.de/es/jobs/solicitud-espontanea/" />
<meta property="og:locale" content="es_ES" />
<meta property="og:type" content="article" />
<meta property="og:title" content="Solicitud espontánea - WEBER Verpackungen" />
<meta property="og:description" content="¿No hay nada que te interese entre las ofertas de empleo publicadas?¡Aun así, nos gustaría conocerte! Si quieres aportar tus puntos fuertes a nuestro equipo, solo tienes que enviarnos tu expediente de candidatura bien elaborado. ¡Esperamos recibir tu candidatura espontánea! Encontrarás más información sobre nuestra empresa en nuestra página web. Puedes pedir información previa por [&hellip;]" />
<meta property="og:url" content="https://www.weberverpackungen.de/es/jobs/solicitud-espontanea/" />
<meta property="og:site_name" content="WEBER Verpackungen" />
<meta property="article:modified_time" content="2026-07-16T13:01:00+00:00" />
<meta property="og:image" content="https://www.weberverpackungen.de/wp-content/uploads/2026/04/Initiativbewerbung.jpg" />
	<meta property="og:image:width" content="1104" />
	<meta property="og:image:height" content="552" />
	<meta property="og:image:type" content="image/jpeg" />
<meta name="twitter:card" content="summary_large_image" />
<meta name="twitter:label1" content="Tiempo de lectura" />
	<meta name="twitter:data1" content="1 minuto" />
<script type="application/ld+json" class="yoast-schema-graph">{"@context":"https:\/\/schema.org","@graph":[{"@type":"WebPage","@id":"https:\/\/www.weberverpackungen.de\/es\/jobs\/solicitud-espontanea\/","url":"https:\/\/www.weberverpackungen.de\/es\/jobs\/solicitud-espontanea\/","name":"Solicitud espontánea - WEBER Verpackungen","isPartOf":{"@id":"https:\/\/www.weberverpackungen.de\/es\/#website"},"primaryImageOfPage":{"@id":"https:\/\/www.weberverpackungen.de\/es\/jobs\/solicitud-espontanea\/#primaryimage"},"image":{"@id":"https:\/\/www.weberverpackungen.de\/es\/jobs\/solicitud-espontanea\/#primaryimage"},"thumbnailUrl":"https:\/\/www.weberverpackungen.de\/wp-content\/uploads\/2026\/04\/Initiativbewerbung.jpg","datePublished":"2026-04-01T13:39:33+00:00","dateModified":"2026-07-16T13:01:00+00:00","breadcrumb":{"@id":"https:\/\/www.weberverpackungen.de\/es\/jobs\/solicitud-espontanea\/#breadcrumb"},"inLanguage":"es","potentialAction":[{"@type":"ReadAction","target":["https:\/\/www.weberverpackungen.de\/es\/jobs\/solicitud-espontanea\/"]}]},{"@type":"ImageObject","inLanguage":"es","@id":"https:\/\/www.weberverpackungen.de\/es\/jobs\/solicitud-espontanea\/#primaryimage","url":"https:\/\/www.weberverpackungen.de\/wp-content\/uploads\/2026\/04\/Initiativbewerbung.jpg","contentUrl":"https:\/\/www.weberverpackungen.de\/wp-content\/uploads\/2026\/04\/Initiativbewerbung.jpg","width":1104,"height":552},{"@type":"BreadcrumbList","@id":"https:\/\/www.weberverpackungen.de\/es\/jobs\/solicitud-espontanea\/#breadcrumb","itemListElement":[{"@type":"ListItem","position":1,"name":"Start","item":"https:\/\/www.weberverpackungen.de\/es\/"},{"@type":"ListItem","position":2,"name":"Jobs","item":"https:\/\/www.weberverpackungen.de\/es\/jobs\/"},{"@type":"ListItem","position":3,"name":"Solicitud espontánea"}]},{"@type":"WebSite","@id":"https:\/\/www.weberverpackungen.de\/es\/#website","url":"https:\/\/www.weberverpackungen.de\/es\/","name":"WEBER Verpackungen","description":"paper-based packaging","potentialAction":[{"@type":"SearchAction","target":{"@type":"EntryPoint","urlTemplate":"https:\/\/www.weberverpackungen.de\/es\/?s={search_term_string}"},"query-input":{"@type":"PropertyValueSpecification","valueRequired":true,"valueName":"search_term_string"}}],"inLanguage":"es"}]}</script>
<!-- / Yoast SEO plugin. -->

Solicitud espontánea - WEBER Verpackungen

¿No hay nada que te interese entre las ofertas de empleo publicadas?¡Aun así, nos gustaría conocerte! Si quieres aportar tus puntos fuertes a nuestro equipo, solo tienes que enviarnos tu expediente de candidatura bien elaborado. ¡Esperamos recibir tu candidatura espontánea! Encontrarás más información sobre nuestra empresa en nuestra página web. Puedes pedir información previa por [&hellip;]
