{"version":"1.0","provider_name":"WEBER Verpackungen","provider_url":"https:\/\/www.weberverpackungen.de\/fr\/","author_name":"Felix Pl\u00fcmper","author_url":"https:\/\/www.weberverpackungen.de\/fr\/author\/felix-pluemper\/","title":"Formation aux premiers secours - WEBER Verpackungen","type":"rich","width":600,"height":338,"html":"<blockquote class=\"wp-embedded-content\" data-secret=\"7yxZu62yKO\"><a href=\"https:\/\/www.weberverpackungen.de\/fr\/formation-aux-premiers-secours\/\">Formation aux premiers secours<\/a><\/blockquote><iframe sandbox=\"allow-scripts\" security=\"restricted\" src=\"https:\/\/www.weberverpackungen.de\/fr\/formation-aux-premiers-secours\/embed\/#?secret=7yxZu62yKO\" width=\"600\" height=\"338\" title=\"\u00ab\u00a0Formation aux premiers secours\u00a0\u00bb &#8212; WEBER Verpackungen\" data-secret=\"7yxZu62yKO\" frameborder=\"0\" marginwidth=\"0\" marginheight=\"0\" scrolling=\"no\" class=\"wp-embedded-content\"><\/iframe><script>\n\/*! This file is auto-generated *\/\n!function(d,l){\"use strict\";l.querySelector&&d.addEventListener&&\"undefined\"!=typeof URL&&(d.wp=d.wp||{},d.wp.receiveEmbedMessage||(d.wp.receiveEmbedMessage=function(e){var t=e.data;if((t||t.secret||t.message||t.value)&&!\/[^a-zA-Z0-9]\/.test(t.secret)){for(var s,r,n,a=l.querySelectorAll('iframe[data-secret=\"'+t.secret+'\"]'),o=l.querySelectorAll('blockquote[data-secret=\"'+t.secret+'\"]'),c=new RegExp(\"^https?:$\",\"i\"),i=0;i<o.length;i++)o[i].style.display=\"none\";for(i=0;i<a.length;i++)s=a[i],e.source===s.contentWindow&&(s.removeAttribute(\"style\"),\"height\"===t.message?(1e3<(r=parseInt(t.value,10))?r=1e3:~~r<200&&(r=200),s.height=r):\"link\"===t.message&&(r=new URL(s.getAttribute(\"src\")),n=new URL(t.value),c.test(n.protocol))&&n.host===r.host&&l.activeElement===s&&(d.top.location.href=t.value))}},d.addEventListener(\"message\",d.wp.receiveEmbedMessage,!1),l.addEventListener(\"DOMContentLoaded\",function(){for(var e,t,s=l.querySelectorAll(\"iframe.wp-embedded-content\"),r=0;r<s.length;r++)(t=(e=s[r]).getAttribute(\"data-secret\"))||(t=Math.random().toString(36).substring(2,12),e.src+=\"#?secret=\"+t,e.setAttribute(\"data-secret\",t)),e.contentWindow.postMessage({message:\"ready\",secret:t},\"*\")},!1)))}(window,document);\n\/\/# sourceURL=https:\/\/www.weberverpackungen.de\/wp-includes\/js\/wp-embed.min.js\n<\/script>\n","thumbnail_url":"https:\/\/www.weberverpackungen.de\/wp-content\/uploads\/2026\/05\/1-819x1024.png","thumbnail_width":819,"thumbnail_height":1024,"description":"La s\u00e9curit\u00e9 avant tout \u2013 pour tout le monde ! \ud83e\ude79 Le week-end dernier a eu lieu notre formation aux premiers secours destin\u00e9e aux nouveaux secouristes. Au total, plus de 40 de nos coll\u00e8gues ont d\u00e9sormais rafra\u00eechi leurs connaissances en mati\u00e8re de premiers secours. \ud83d\udcaa Ainsi, environ 20 % de l&rsquo;ensemble de notre \u00e9quipe est [&hellip;]"}

Felix Plümper

La sécurité avant tout – pour tout le monde ! 🩹 Le week-end dernier a eu lieu notre formation aux premiers secours destinée aux nouveaux secouristes. Au total, plus de 40 de nos collègues ont désormais rafraîchi leurs connaissances en matière de premiers secours. 💪 Ainsi, environ 20 % de l&rsquo;ensemble de notre équipe est [&hellip;]
