{"id":8388,"date":"2026-04-01T15:39:33","date_gmt":"2026-04-01T13:39:33","guid":{"rendered":"https:\/\/weberverpackungen.de\/jobs\/candidature-spontanee\/"},"modified":"2026-07-16T15:01:05","modified_gmt":"2026-07-16T13:01:05","slug":"candidature-spontanee","status":"publish","type":"jobs","link":"https:\/\/www.weberverpackungen.de\/fr\/jobs\/candidature-spontanee\/","title":{"rendered":"Candidature spontan\u00e9e"},"content":{"rendered":"\n<p class=\"wp-block-paragraph\"><\/p>\n\n<div class=\"wp-block-group is-nowrap is-layout-flex wp-container-core-group-is-layout-8f761849 wp-block-group-is-layout-flex\">\n<figure class=\"wp-block-image size-large\"><img loading=\"lazy\" decoding=\"async\" width=\"1024\" height=\"512\" src=\"https:\/\/www.weberverpackungen.de\/wp-content\/uploads\/2026\/04\/Initiativbewerbung-1024x512.jpg\" alt=\"\" class=\"wp-image-2346\" style=\"aspect-ratio:4\/3;object-fit:cover\" srcset=\"https:\/\/www.weberverpackungen.de\/wp-content\/uploads\/2026\/04\/Initiativbewerbung-1024x512.jpg 1024w, https:\/\/www.weberverpackungen.de\/wp-content\/uploads\/2026\/04\/Initiativbewerbung-300x150.jpg 300w, https:\/\/www.weberverpackungen.de\/wp-content\/uploads\/2026\/04\/Initiativbewerbung-768x384.jpg 768w, https:\/\/www.weberverpackungen.de\/wp-content\/uploads\/2026\/04\/Initiativbewerbung.jpg 1104w\" sizes=\"auto, (max-width: 1024px) 100vw, 1024px\" \/><\/figure>\n\n\n\n<p class=\"has-medium-font-size wp-block-paragraph\">Vous ne trouvez pas de poste qui vous convienne parmi les offres d&#8217;emploi publi\u00e9es ?<br\/>Nous aimerions tout de m\u00eame faire votre connaissance !<\/p>\n<\/div>\n\n<p class=\"wp-block-paragraph\"><\/p>\n\n<div class=\"wp-block-buttons is-layout-flex wp-block-buttons-is-layout-flex\">\n<div class=\"wp-block-button has-custom-width wp-block-button__width-100\"><a class=\"wp-block-button__link wp-element-button\" href=\"https:\/\/www.weberverpackungen.de\/fr\/carriere\/formulaire-de-candidature\/\">Postulez d\u00e8s maintenant<\/a><\/div>\n<\/div>\n\n<p class=\"wp-block-paragraph\"><\/p>\n\n<p class=\"wp-block-paragraph\">Si vous souhaitez enrichir notre \u00e9quipe gr\u00e2ce \u00e0 vos atouts, il vous suffit de nous envoyer votre dossier de candidature complet. Nous attendons avec impatience votre candidature spontan\u00e9e ! <\/p>\n\n<p class=\"wp-block-paragraph\">Vous trouverez de plus amples informations sur notre entreprise sur notre <strong><a href=\"https:\/\/www.weberverpackungen.de\/fr\/entreprises\/\" data-type=\"page\" data-id=\"21\">site Internet<\/a><\/strong>.<\/p>\n\n<p class=\"wp-block-paragraph\">Vous pouvez obtenir des informations pr\u00e9liminaires par t\u00e9l\u00e9phone ou par <a href=\"mailto:karriere@weberverpackungen.de\" target=\"_blank\" rel=\"noreferrer noopener\"><strong>e-mail<\/strong><\/a>.<\/p>\n\n<p class=\"wp-block-paragraph\">Nous serions ravis de recevoir votre dossier via la <strong><a href=\"https:\/\/www.weberverpackungen.de\/fr\/carriere\/formulaire-de-candidature\/\" data-type=\"page\" data-id=\"4278\">fonction de t\u00e9l\u00e9chargement<\/a><em> <\/em><\/strong>de notre portail Carri\u00e8res.<\/p>\n\n<p class=\"wp-block-paragraph\"><\/p>\n\n<div class=\"wp-block-buttons is-layout-flex wp-block-buttons-is-layout-flex\">\n<div class=\"wp-block-button has-custom-width wp-block-button__width-100\"><a class=\"wp-block-button__link wp-element-button\" href=\"https:\/\/www.weberverpackungen.de\/fr\/carriere\/formulaire-de-candidature\/\">Postulez d\u00e8s maintenant<\/a><\/div>\n<\/div>\n\n<p class=\"wp-block-paragraph\"><\/p>\n","protected":false},"featured_media":8389,"template":"","job_kategorie":[126,128,127],"class_list":["post-8388","jobs","type-jobs","status-publish","has-post-thumbnail","hentry","job_kategorie-etudes","job_kategorie-offres-demploi","job_kategorie-stage"],"acf":[],"yoast_head":"<!-- This site is optimized with the Yoast SEO plugin v28.3 - https:\/\/yoast.com\/product\/yoast-seo-wordpress\/ -->\n<title>Candidature spontan\u00e9e - WEBER Verpackungen<\/title>\n<meta name=\"robots\" content=\"index, follow, max-snippet:-1, max-image-preview:large, max-video-preview:-1\" \/>\n<link rel=\"canonical\" href=\"https:\/\/www.weberverpackungen.de\/fr\/jobs\/candidature-spontanee\/\" \/>\n<meta property=\"og:locale\" content=\"fr_FR\" \/>\n<meta property=\"og:type\" content=\"article\" \/>\n<meta property=\"og:title\" content=\"Candidature spontan\u00e9e - WEBER Verpackungen\" \/>\n<meta property=\"og:description\" content=\"Vous ne trouvez pas de poste qui vous convienne parmi les offres d&#8217;emploi publi\u00e9es ?Nous aimerions tout de m\u00eame faire votre connaissance ! Si vous souhaitez enrichir notre \u00e9quipe gr\u00e2ce \u00e0 vos atouts, il vous suffit de nous envoyer votre dossier de candidature complet. Nous attendons avec impatience votre candidature spontan\u00e9e ! Vous trouverez de [&hellip;]\" \/>\n<meta property=\"og:url\" content=\"https:\/\/www.weberverpackungen.de\/fr\/jobs\/candidature-spontanee\/\" \/>\n<meta property=\"og:site_name\" content=\"WEBER Verpackungen\" \/>\n<meta property=\"article:modified_time\" content=\"2026-07-16T13:01:05+00:00\" \/>\n<meta property=\"og:image\" content=\"https:\/\/www.weberverpackungen.de\/wp-content\/uploads\/2026\/04\/Initiativbewerbung.jpg\" \/>\n\t<meta property=\"og:image:width\" content=\"1104\" \/>\n\t<meta property=\"og:image:height\" content=\"552\" \/>\n\t<meta property=\"og:image:type\" content=\"image\/jpeg\" \/>\n<meta name=\"twitter:card\" content=\"summary_large_image\" \/>\n<meta name=\"twitter:label1\" content=\"Dur\u00e9e de lecture estim\u00e9e\" \/>\n\t<meta name=\"twitter:data1\" content=\"1 minute\" \/>\n<script type=\"application\/ld+json\" class=\"yoast-schema-graph\">{\"@context\":\"https:\\\/\\\/schema.org\",\"@graph\":[{\"@type\":\"WebPage\",\"@id\":\"https:\\\/\\\/www.weberverpackungen.de\\\/fr\\\/jobs\\\/candidature-spontanee\\\/\",\"url\":\"https:\\\/\\\/www.weberverpackungen.de\\\/fr\\\/jobs\\\/candidature-spontanee\\\/\",\"name\":\"Candidature spontan\u00e9e - WEBER Verpackungen\",\"isPartOf\":{\"@id\":\"https:\\\/\\\/www.weberverpackungen.de\\\/fr\\\/#website\"},\"primaryImageOfPage\":{\"@id\":\"https:\\\/\\\/www.weberverpackungen.de\\\/fr\\\/jobs\\\/candidature-spontanee\\\/#primaryimage\"},\"image\":{\"@id\":\"https:\\\/\\\/www.weberverpackungen.de\\\/fr\\\/jobs\\\/candidature-spontanee\\\/#primaryimage\"},\"thumbnailUrl\":\"https:\\\/\\\/www.weberverpackungen.de\\\/wp-content\\\/uploads\\\/2026\\\/04\\\/Initiativbewerbung.jpg\",\"datePublished\":\"2026-04-01T13:39:33+00:00\",\"dateModified\":\"2026-07-16T13:01:05+00:00\",\"breadcrumb\":{\"@id\":\"https:\\\/\\\/www.weberverpackungen.de\\\/fr\\\/jobs\\\/candidature-spontanee\\\/#breadcrumb\"},\"inLanguage\":\"fr-FR\",\"potentialAction\":[{\"@type\":\"ReadAction\",\"target\":[\"https:\\\/\\\/www.weberverpackungen.de\\\/fr\\\/jobs\\\/candidature-spontanee\\\/\"]}]},{\"@type\":\"ImageObject\",\"inLanguage\":\"fr-FR\",\"@id\":\"https:\\\/\\\/www.weberverpackungen.de\\\/fr\\\/jobs\\\/candidature-spontanee\\\/#primaryimage\",\"url\":\"https:\\\/\\\/www.weberverpackungen.de\\\/wp-content\\\/uploads\\\/2026\\\/04\\\/Initiativbewerbung.jpg\",\"contentUrl\":\"https:\\\/\\\/www.weberverpackungen.de\\\/wp-content\\\/uploads\\\/2026\\\/04\\\/Initiativbewerbung.jpg\",\"width\":1104,\"height\":552},{\"@type\":\"BreadcrumbList\",\"@id\":\"https:\\\/\\\/www.weberverpackungen.de\\\/fr\\\/jobs\\\/candidature-spontanee\\\/#breadcrumb\",\"itemListElement\":[{\"@type\":\"ListItem\",\"position\":1,\"name\":\"Start\",\"item\":\"https:\\\/\\\/www.weberverpackungen.de\\\/fr\\\/\"},{\"@type\":\"ListItem\",\"position\":2,\"name\":\"Jobs\",\"item\":\"https:\\\/\\\/www.weberverpackungen.de\\\/fr\\\/jobs\\\/\"},{\"@type\":\"ListItem\",\"position\":3,\"name\":\"Candidature spontan\u00e9e\"}]},{\"@type\":\"WebSite\",\"@id\":\"https:\\\/\\\/www.weberverpackungen.de\\\/fr\\\/#website\",\"url\":\"https:\\\/\\\/www.weberverpackungen.de\\\/fr\\\/\",\"name\":\"WEBER Verpackungen\",\"description\":\"paper-based packaging\",\"potentialAction\":[{\"@type\":\"SearchAction\",\"target\":{\"@type\":\"EntryPoint\",\"urlTemplate\":\"https:\\\/\\\/www.weberverpackungen.de\\\/fr\\\/?s={search_term_string}\"},\"query-input\":{\"@type\":\"PropertyValueSpecification\",\"valueRequired\":true,\"valueName\":\"search_term_string\"}}],\"inLanguage\":\"fr-FR\"}]}<\/script>\n<!-- \/ Yoast SEO plugin. -->","yoast_head_json":{"title":"Candidature spontan\u00e9e - WEBER Verpackungen","robots":{"index":"index","follow":"follow","max-snippet":"max-snippet:-1","max-image-preview":"max-image-preview:large","max-video-preview":"max-video-preview:-1"},"canonical":"https:\/\/www.weberverpackungen.de\/fr\/jobs\/candidature-spontanee\/","og_locale":"fr_FR","og_type":"article","og_title":"Candidature spontan\u00e9e - WEBER Verpackungen","og_description":"Vous ne trouvez pas de poste qui vous convienne parmi les offres d&#8217;emploi publi\u00e9es ?Nous aimerions tout de m\u00eame faire votre connaissance ! Si vous souhaitez enrichir notre \u00e9quipe gr\u00e2ce \u00e0 vos atouts, il vous suffit de nous envoyer votre dossier de candidature complet. Nous attendons avec impatience votre candidature spontan\u00e9e ! Vous trouverez de [&hellip;]","og_url":"https:\/\/www.weberverpackungen.de\/fr\/jobs\/candidature-spontanee\/","og_site_name":"WEBER Verpackungen","article_modified_time":"2026-07-16T13:01:05+00:00","og_image":[{"width":1104,"height":552,"url":"https:\/\/www.weberverpackungen.de\/wp-content\/uploads\/2026\/04\/Initiativbewerbung.jpg","type":"image\/jpeg"}],"twitter_card":"summary_large_image","twitter_misc":{"Dur\u00e9e de lecture estim\u00e9e":"1 minute"},"schema":{"@context":"https:\/\/schema.org","@graph":[{"@type":"WebPage","@id":"https:\/\/www.weberverpackungen.de\/fr\/jobs\/candidature-spontanee\/","url":"https:\/\/www.weberverpackungen.de\/fr\/jobs\/candidature-spontanee\/","name":"Candidature spontan\u00e9e - WEBER Verpackungen","isPartOf":{"@id":"https:\/\/www.weberverpackungen.de\/fr\/#website"},"primaryImageOfPage":{"@id":"https:\/\/www.weberverpackungen.de\/fr\/jobs\/candidature-spontanee\/#primaryimage"},"image":{"@id":"https:\/\/www.weberverpackungen.de\/fr\/jobs\/candidature-spontanee\/#primaryimage"},"thumbnailUrl":"https:\/\/www.weberverpackungen.de\/wp-content\/uploads\/2026\/04\/Initiativbewerbung.jpg","datePublished":"2026-04-01T13:39:33+00:00","dateModified":"2026-07-16T13:01:05+00:00","breadcrumb":{"@id":"https:\/\/www.weberverpackungen.de\/fr\/jobs\/candidature-spontanee\/#breadcrumb"},"inLanguage":"fr-FR","potentialAction":[{"@type":"ReadAction","target":["https:\/\/www.weberverpackungen.de\/fr\/jobs\/candidature-spontanee\/"]}]},{"@type":"ImageObject","inLanguage":"fr-FR","@id":"https:\/\/www.weberverpackungen.de\/fr\/jobs\/candidature-spontanee\/#primaryimage","url":"https:\/\/www.weberverpackungen.de\/wp-content\/uploads\/2026\/04\/Initiativbewerbung.jpg","contentUrl":"https:\/\/www.weberverpackungen.de\/wp-content\/uploads\/2026\/04\/Initiativbewerbung.jpg","width":1104,"height":552},{"@type":"BreadcrumbList","@id":"https:\/\/www.weberverpackungen.de\/fr\/jobs\/candidature-spontanee\/#breadcrumb","itemListElement":[{"@type":"ListItem","position":1,"name":"Start","item":"https:\/\/www.weberverpackungen.de\/fr\/"},{"@type":"ListItem","position":2,"name":"Jobs","item":"https:\/\/www.weberverpackungen.de\/fr\/jobs\/"},{"@type":"ListItem","position":3,"name":"Candidature spontan\u00e9e"}]},{"@type":"WebSite","@id":"https:\/\/www.weberverpackungen.de\/fr\/#website","url":"https:\/\/www.weberverpackungen.de\/fr\/","name":"WEBER Verpackungen","description":"paper-based packaging","potentialAction":[{"@type":"SearchAction","target":{"@type":"EntryPoint","urlTemplate":"https:\/\/www.weberverpackungen.de\/fr\/?s={search_term_string}"},"query-input":{"@type":"PropertyValueSpecification","valueRequired":true,"valueName":"search_term_string"}}],"inLanguage":"fr-FR"}]}},"_links":{"self":[{"href":"https:\/\/www.weberverpackungen.de\/fr\/wp-json\/wp\/v2\/jobs\/8388","targetHints":{"allow":["GET"]}}],"collection":[{"href":"https:\/\/www.weberverpackungen.de\/fr\/wp-json\/wp\/v2\/jobs"}],"about":[{"href":"https:\/\/www.weberverpackungen.de\/fr\/wp-json\/wp\/v2\/types\/jobs"}],"wp:featuredmedia":[{"embeddable":true,"href":"https:\/\/www.weberverpackungen.de\/fr\/wp-json\/wp\/v2\/media\/8389"}],"wp:attachment":[{"href":"https:\/\/www.weberverpackungen.de\/fr\/wp-json\/wp\/v2\/media?parent=8388"}],"wp:term":[{"taxonomy":"job_kategorie","embeddable":true,"href":"https:\/\/www.weberverpackungen.de\/fr\/wp-json\/wp\/v2\/job_kategorie?post=8388"}],"curies":[{"name":"wp","href":"https:\/\/api.w.org\/{rel}","templated":true}]}}

Candidature spontanée

<p class="wp-block-paragraph"></p>

<div class="wp-block-group is-nowrap is-layout-flex wp-container-core-group-is-layout-8f761849 wp-block-group-is-layout-flex">
<figure class="wp-block-image size-large"><img loading="lazy" decoding="async" width="1024" height="512" src="https://www.weberverpackungen.de/wp-content/uploads/2026/04/Initiativbewerbung-1024x512.jpg" alt="" class="wp-image-2346" style="aspect-ratio:4/3;object-fit:cover" srcset="https://www.weberverpackungen.de/wp-content/uploads/2026/04/Initiativbewerbung-1024x512.jpg 1024w, https://www.weberverpackungen.de/wp-content/uploads/2026/04/Initiativbewerbung-300x150.jpg 300w, https://www.weberverpackungen.de/wp-content/uploads/2026/04/Initiativbewerbung-768x384.jpg 768w, https://www.weberverpackungen.de/wp-content/uploads/2026/04/Initiativbewerbung.jpg 1104w" sizes="auto, (max-width: 1024px) 100vw, 1024px" /></figure>



<p class="has-medium-font-size wp-block-paragraph">Vous ne trouvez pas de poste qui vous convienne parmi les offres d&#8217;emploi publiées ?<br/>Nous aimerions tout de même faire votre connaissance !</p>
</div>

<p class="wp-block-paragraph"></p>

<div class="wp-block-buttons is-layout-flex wp-block-buttons-is-layout-flex">
<div class="wp-block-button has-custom-width wp-block-button__width-100"><a class="wp-block-button__link wp-element-button" href="https://www.weberverpackungen.de/fr/carriere/formulaire-de-candidature/">Postulez dès maintenant</a></div>
</div>

<p class="wp-block-paragraph"></p>

<p class="wp-block-paragraph">Si vous souhaitez enrichir notre équipe grâce à vos atouts, il vous suffit de nous envoyer votre dossier de candidature complet. Nous attendons avec impatience votre candidature spontanée ! </p>

<p class="wp-block-paragraph">Vous trouverez de plus amples informations sur notre entreprise sur notre <strong><a href="https://www.weberverpackungen.de/fr/entreprises/" data-type="page" data-id="21">site Internet</a></strong>.</p>

<p class="wp-block-paragraph">Vous pouvez obtenir des informations préliminaires par téléphone ou par <a href="mailto:karriere@weberverpackungen.de" target="_blank" rel="noreferrer noopener"><strong>e-mail</strong></a>.</p>

<p class="wp-block-paragraph">Nous serions ravis de recevoir votre dossier via la <strong><a href="https://www.weberverpackungen.de/fr/carriere/formulaire-de-candidature/" data-type="page" data-id="4278">fonction de téléchargement</a><em> </em></strong>de notre portail Carrières.</p>

<p class="wp-block-paragraph"></p>

<div class="wp-block-buttons is-layout-flex wp-block-buttons-is-layout-flex">
<div class="wp-block-button has-custom-width wp-block-button__width-100"><a class="wp-block-button__link wp-element-button" href="https://www.weberverpackungen.de/fr/carriere/formulaire-de-candidature/">Postulez dès maintenant</a></div>
</div>

<p class="wp-block-paragraph"></p>

<!-- This site is optimized with the Yoast SEO plugin v28.3 - https://yoast.com/product/yoast-seo-wordpress/ -->
<title>Candidature spontanée - WEBER Verpackungen</title>
<meta name="robots" content="index, follow, max-snippet:-1, max-image-preview:large, max-video-preview:-1" />
<link rel="canonical" href="https://www.weberverpackungen.de/fr/jobs/candidature-spontanee/" />
<meta property="og:locale" content="fr_FR" />
<meta property="og:type" content="article" />
<meta property="og:title" content="Candidature spontanée - WEBER Verpackungen" />
<meta property="og:description" content="Vous ne trouvez pas de poste qui vous convienne parmi les offres d&#8217;emploi publiées ?Nous aimerions tout de même faire votre connaissance ! Si vous souhaitez enrichir notre équipe grâce à vos atouts, il vous suffit de nous envoyer votre dossier de candidature complet. Nous attendons avec impatience votre candidature spontanée ! Vous trouverez de [&hellip;]" />
<meta property="og:url" content="https://www.weberverpackungen.de/fr/jobs/candidature-spontanee/" />
<meta property="og:site_name" content="WEBER Verpackungen" />
<meta property="article:modified_time" content="2026-07-16T13:01:05+00:00" />
<meta property="og:image" content="https://www.weberverpackungen.de/wp-content/uploads/2026/04/Initiativbewerbung.jpg" />
	<meta property="og:image:width" content="1104" />
	<meta property="og:image:height" content="552" />
	<meta property="og:image:type" content="image/jpeg" />
<meta name="twitter:card" content="summary_large_image" />
<meta name="twitter:label1" content="Durée de lecture estimée" />
	<meta name="twitter:data1" content="1 minute" />
<script type="application/ld+json" class="yoast-schema-graph">{"@context":"https:\/\/schema.org","@graph":[{"@type":"WebPage","@id":"https:\/\/www.weberverpackungen.de\/fr\/jobs\/candidature-spontanee\/","url":"https:\/\/www.weberverpackungen.de\/fr\/jobs\/candidature-spontanee\/","name":"Candidature spontanée - WEBER Verpackungen","isPartOf":{"@id":"https:\/\/www.weberverpackungen.de\/fr\/#website"},"primaryImageOfPage":{"@id":"https:\/\/www.weberverpackungen.de\/fr\/jobs\/candidature-spontanee\/#primaryimage"},"image":{"@id":"https:\/\/www.weberverpackungen.de\/fr\/jobs\/candidature-spontanee\/#primaryimage"},"thumbnailUrl":"https:\/\/www.weberverpackungen.de\/wp-content\/uploads\/2026\/04\/Initiativbewerbung.jpg","datePublished":"2026-04-01T13:39:33+00:00","dateModified":"2026-07-16T13:01:05+00:00","breadcrumb":{"@id":"https:\/\/www.weberverpackungen.de\/fr\/jobs\/candidature-spontanee\/#breadcrumb"},"inLanguage":"fr-FR","potentialAction":[{"@type":"ReadAction","target":["https:\/\/www.weberverpackungen.de\/fr\/jobs\/candidature-spontanee\/"]}]},{"@type":"ImageObject","inLanguage":"fr-FR","@id":"https:\/\/www.weberverpackungen.de\/fr\/jobs\/candidature-spontanee\/#primaryimage","url":"https:\/\/www.weberverpackungen.de\/wp-content\/uploads\/2026\/04\/Initiativbewerbung.jpg","contentUrl":"https:\/\/www.weberverpackungen.de\/wp-content\/uploads\/2026\/04\/Initiativbewerbung.jpg","width":1104,"height":552},{"@type":"BreadcrumbList","@id":"https:\/\/www.weberverpackungen.de\/fr\/jobs\/candidature-spontanee\/#breadcrumb","itemListElement":[{"@type":"ListItem","position":1,"name":"Start","item":"https:\/\/www.weberverpackungen.de\/fr\/"},{"@type":"ListItem","position":2,"name":"Jobs","item":"https:\/\/www.weberverpackungen.de\/fr\/jobs\/"},{"@type":"ListItem","position":3,"name":"Candidature spontanée"}]},{"@type":"WebSite","@id":"https:\/\/www.weberverpackungen.de\/fr\/#website","url":"https:\/\/www.weberverpackungen.de\/fr\/","name":"WEBER Verpackungen","description":"paper-based packaging","potentialAction":[{"@type":"SearchAction","target":{"@type":"EntryPoint","urlTemplate":"https:\/\/www.weberverpackungen.de\/fr\/?s={search_term_string}"},"query-input":{"@type":"PropertyValueSpecification","valueRequired":true,"valueName":"search_term_string"}}],"inLanguage":"fr-FR"}]}</script>
<!-- / Yoast SEO plugin. -->

Candidature spontanée - WEBER Verpackungen

Vous ne trouvez pas de poste qui vous convienne parmi les offres d&#8217;emploi publiées ?Nous aimerions tout de même faire votre connaissance ! Si vous souhaitez enrichir notre équipe grâce à vos atouts, il vous suffit de nous envoyer votre dossier de candidature complet. Nous attendons avec impatience votre candidature spontanée ! Vous trouverez de [&hellip;]
